n divisor of 266 and 14.
14
What is the greatest common factor of 80 and 2560?
80
Calculate the greatest common factor of 320 and 205.
5
Calculate the highest common factor of 306 and 357.
51
Calculate the highest common divisor of 60 and 72.
12
Calculate the highest common factor of 24 and 600.
24
What is the greatest common factor of 81 and 9?
9
What is the greatest common factor of 430 and 344?
86
Calculate the highest common factor of 423 and 47.
47
Calculate the greatest common factor of 144 and 8028.
36
Calculate the highest common divisor of 6 and 5878.
2
Calculate the highest common divisor of 798 and 342.
114
Calculate the greatest common divisor of 59 and 29677.
59
Calculate the highest common factor of 248 and 116.
4
Calculate the greatest common divisor of 4584 and 192.
24
What is the greatest common factor of 16 and 72?
8
What is the highest common divisor of 529 and 115?
23
Calculate the greatest common factor of 14 and 10.
2
What is the greatest common divisor of 528 and 1188?
132
Calculate the greatest common divisor of 304 and 16.
16
Calculate the highest common factor of 45 and 333.
9
What is the highest common factor of 49517 and 169?
169
Calculate the greatest common divisor of 477 and 53.
53
Calculate the greatest common divisor of 685 and 5.
5
What is the greatest common factor of 7574 and 42?
14
What is the highest common divisor of 1080 and 3510?
270
Calculate the highest common divisor of 850 and 2295.
85
Calculate the highest common divisor of 6 and 94.
2
Calculate the greatest common divisor of 15 and 135.
15
Calculate the highest common divisor of 1280 and 24.
8
Calculate the greatest common factor of 71 and 9869.
71
Calculate the highest common divisor of 100 and 3100.
100
Calculate the highest common factor of 16 and 200.
8
Calculate the highest common divisor of 90 and 1280.
10
Calculate the highest common divisor of 230 and 46.
46
Calculate the highest common factor of 216 and 696.
24
Calculate the greatest common divisor of 120 and 200.
40
What is the highest common factor of 45 and 1215?
45
What is the highest common divisor of 1197 and 144?
9
Calculate the highest common factor of 663 and 65.
13
Calculate the highest common divisor of 604 and 2.
2
What is the greatest common factor of 5490 and 61?
61
Calculate the highest common factor of 55 and 165.
55
Calculate the highest common divisor of 48 and 13152.
48
Calculate the highest common divisor of 2 and 27718.
2
Calculate the greatest common divisor of 10179 and 58.
29
Calculate the highest common divisor of 9 and 123.
3
Calculate the greatest common factor of 113 and 1469.
113
Calculate the highest common divisor of 20 and 2260.
20
What is the highest common factor of 21 and 750?
3
Calculate the highest common divisor of 767 and 59.
59
Calculate the highest common divisor of 39 and 15.
3
What is the highest common factor of 1002 and 6?
6
What is the greatest common divisor of 115 and 35?
5
Calculate the greatest common factor of 148 and 666.
74
What is the highest common divisor of 23 and 5?
1
Calculate the greatest common factor of 332 and 10873.
83
Calculate the highest common factor of 23 and 2.
1
What is the greatest common factor of 12 and 1788?
12
What is the highest common factor of 3 and 1041?
3
What is the highest common factor of 342 and 3534?
114
Calculate the greatest common factor of 846 and 6.
6
What is the highest common factor of 375 and 5?
5
What is the highest common factor of 154 and 114?
2
Calculate the greatest common divisor of 25159 and 139.
139
What is the greatest common factor of 90 and 9?
9
What is the highest common divisor of 198 and 418?
22
What is the greatest common divisor of 12 and 3012?
12
Calculate the highest common divisor of 901 and 85.
17
What is the greatest common factor of 16119 and 199?
199
What is the greatest common divisor of 2940 and 240?
60
What is the highest common divisor of 1752 and 365?
73
What is the highest common divisor of 111 and 24938?
37
What is the greatest common divisor of 344 and 43?
43
What is the highest common factor of 2936 and 24?
8
What is the highest common factor of 1211 and 2768?
173
Calculate the highest common factor of 14 and 1064.
14
Calculate the greatest common divisor of 64 and 216.
8
Calculate the highest common factor of 697 and 153.
17
What is the greatest common factor of 115 and 1035?
115
Calculate the greatest common factor of 48 and 6.
6
Calculate the highest common divisor of 549 and 122.
61
Calculate the greatest common factor of 34 and 34.
34
What is the highest common factor of 10 and 890?
10
Calculate the highest common factor of 247 and 703.
19
Calculate the highest common factor of 90 and 3690.
90
Calculate the highest common factor of 845 and 221.
13
What is the highest common factor of 45 and 855?
45
What is the highest common divisor of 464 and 174?
58
What is the highest common factor of 21 and 987?
21
Calculate the greatest common factor of 31 and 21979.
31
What is the greatest common factor of 1456 and 336?
112
Calculate the highest common factor of 140 and 434.
14
What is the highest common divisor of 9768 and 264?
264
Calculate the greatest common divisor of 63 and 28.
7
Calculate the highest common factor of 64 and 17424.
16
Calculate the highest common factor of 80 and 8.
8
Calculate the greatest common divisor of 3260 and 20.
20
What is the highest common divisor of 4196 and 48?
4
Calculate the greatest common divisor of 2744 and 112.
56
What is the highest common divisor of 46 and 115?
23
What is the highest common factor of 1242 and 351?
27
Calculate the greatest common divisor of 5106 and 2.
2
Calculate the greatest common divisor of 29 and 841.
29
What is the highest common factor of 11 and 539?
11
What is the greatest common factor of 41 and 287?
41
Calculate the greatest common factor of 72 and 27.
9
What is the greatest common factor of 40 and 184?
8
What is the highest common factor of 356 and 267?
89
Calculate the greatest common factor of 27 and 123.
3
Calculate the highest common divisor of 132 and 825.
33
Calculate the greatest common factor of 175 and 325.
25
What is the highest common factor of 115 and 15?
5
What is the highest common divisor of 144 and 9?
9
What is the greatest common factor of 590 and 26786?
118
What is the highest common divisor of 5 and 20?
5
What is the highest common divisor of 98 and 4?
2
What is the greatest common divisor of 2205 and 3?
3
What is the greatest common divisor of 140 and 5530?
70
What is the greatest common divisor of 171 and 9?
9
Calculate the highest common divisor of 310 and 186.
62
What is the highest common divisor of 110 and 20?
10
Calculate the highest common factor of 5965 and 5.
5
Calculate the greatest common divisor of 27 and 2781.
27
What is the highest common divisor of 2117 and 2336?
73
What is the highest common factor of 1680 and 1?
1
Calculate the greatest common factor of 5 and 205.
5
What is the highest common factor of 7526 and 142?
142
What is the highest common factor of 3 and 27?
3
What is the greatest common factor of 52 and 8?
4
Calculate the highest common divisor of 29 and 9860.
29
Calculate the highest common factor of 8 and 76.
4
Calculate the highest common divisor of 2360 and 360.
40
What is the greatest common factor of 7645 and 110?
55
Calculate the highest common divisor of 940 and 11515.
235
What is the highest common divisor of 555 and 510?
15
Calculate the greatest common factor of 1035 and 1665.
45
Calculate the greatest common divisor of 108 and 972.
108
Calculate the greatest common factor of 1891 and 183.
61
What is the greatest common factor of 1517 and 82?
41
Calculate the highest common divisor of 48 and 834.
6
What is the greatest common factor of 66 and 825?
33
Calculate the highest common factor of 80 and 64.
16
What is the highest common factor of 250 and 1375?
125
Calculate the greatest common divisor of 40 and 850.
10
What is the highest common factor of 9 and 60?
3
What is the greatest common divisor of 64 and 264?
8
Calculate the greatest common factor of 2848 and 89.
89
What is the highest common factor of 19 and 323?
19
What is the greatest common divisor of 2948 and 804?
268
What is the highest common factor of 84 and 448?
28
Calculate the h